315 = p*j. Calculate the remainder when 37 is divided by j.
16
Let z be -219*10/(-15) + -4. Suppose -5*f = -33 - z. Calculate the remainder when f is divided by 12.
11
Let i be 0*(-1)/(-2) - 0. Suppose i = -2*v + 22 + 28. Calculate the remainder when 98 is divided by v.
23
Let j(y) = -y**2 + 2*y + 8. Let a be j(0). Suppose -a*o - 78 = -286. What is the remainder when o is divided by 4?
2
Suppose o = 3*u + 7, 0 = -5*o - 4*u + 34 + 39. Suppose -8 = -5*f - 53. Let i = o + f. What is the remainder when i is divided by 2?
0
Let j(n) = -11*n + 55. Let q(u) = 7*u - 37. Let k(z) = 5*j(z) + 7*q(z). What is the remainder when 21 is divided by k(2)?
1
Calculate the remainder when 211 is divided by (12/2 - 4) + 53 + -2.
52
Suppose 0 = 3*u + 2*d, 2*d - 12 = -3*u + 4*d. Suppose 2*q - 5*h - 45 = 0, -u*q + 66 = 2*h - 0*h. What is the remainder when 118 is divided by q?
28
Suppose 0 = 64*g - 81*g + 510. Calculate the remainder when 85 is divided by g.
25
Let t = -104 + 123. Calculate the remainder when t is divided by 4.
3
Let k(o) = -o**3 + 19*o**2 - 16*o + 273. What is the remainder when k(17) is divided by 152?
123
Let w(u) = 60*u - 210. What is the remainder when 79 is divided by w(4)?
19
Let t = -2434 - -2546. What is the remainder when 412 is divided by t?
76
Let z(k) = -k + 19. Calculate the remainder when 214 is divided by z(-8).
25
Suppose 50*t - 49*t - 2 = 0. Suppose 2*a + a = 9. Suppose 3*w + t*n = 50, -w = 3*w - a*n - 95. What is the remainder when 58 is divided by w?
18
Let y(q) be the second derivative of -q**4/12 + 7*q**3/3 + 7*q**2/2 + 8*q. What is the remainder when 39 is divided by y(13)?
19
Let i(s) = -71*s - 55. What is the remainder when i(-4) is divided by 23?
22
Suppose -2*c + 73 - 49 = 0. Calculate the remainder when 44 is divided by c.
8
Let q(c) = -c**2 - 8*c. Let g be q(-8). Suppose g = s - 2 - 3. What is the remainder when (30 - 29) + (11 - -1) is divided by s?
3
Suppose -231 = -2*j - 133. What is the remainder when 241 is divided by j?
45
Suppose -3*k - 8 = -7*k. Let p(a) = 2*a**2 + 3*a - 3. Let g be p(k). Suppose 0 = m + 5 - g. Calculate the remainder when 14 is divided by m.
2
Let m(v) = -v**2 - 5*v + 16. Let d be m(-7). Suppose -4*f - 3*z - 2*z + 49 = 0, -d*f + 35 = -z. Calculate the remainder when 41 is divided by f.
9
Suppose -2*a + 4*c + 248 = 0, -c = -0*a + a - 133. What is the remainder when (1 - -1)/(5/a) is divided by 9?
7
Let n = 390 - 218. Calculate the remainder when n is divided by 25.
22
Let h(d) = d**3 - 8*d**2 + 3*d + 9. Suppose -2*u + 3*u = 4*o + 65, 4*u - 4*o - 248 = 0. Let f = 70 - u. Calculate the remainder when h(8) is divided by f.
6
Let t = 4607 + -4552. Suppose 3*m - 42 = 15. What is the remainder when t is divided by m?
17
Let u(f) = f**2 + 25*f - 270. Calculate the remainder when u(-38) is divided by 31.
7
Let h(z) = 7*z**2 - 95*z + 40. What is the remainder when h(16) is divided by 63?
60
Let z(o) = o**2 + 9*o - 18. Suppose -n + 5*h - 6 = -20, 4*n + 3*h = 79. Calculate the remainder when z(-14) is divided by n.
14
Let l(t) = -t**3 + 9*t**2 - 5*t - 13. Calculate the remainder when 394 is divided by l(8).
9
Let b be (-5)/(25/15) - 8. Let u be 4/2 - (-6 - b). Calculate the remainder when 46 is divided by -8*u/18*18.
22
Let o(y) = 2*y**2 - 7*y - 11. Calculate the remainder when 470 is divided by o(-2).
8
Let b be (-9)/((-80)/25 - -3). Let i = 58 - b. Calculate the remainder when i is divided by 1 - (-1 - -3) - -5.
1
Let m = 24 + -32. Let w(b) = 3*b + 32. Calculate the remainder when 69 is divided by w(m).
5
Let i = -13 - -11. Let y = 2 - -26. Calculate the remainder when y is divided by (i/((-4)/(-10)))/((-5)/15).
13
Suppose 4*k = 4*f + 4, -4*f = -3*f - 4*k + 13. Suppose -4*x = 2*w - 306, -81 = -f*x - 3*w + 156. Calculate the remainder when x is divided by 26.
22
Let t(c) = -c**2 - 19*c + 27. Calculate the remainder when t(-14) is divided by 11.
9
Let o(s) = -3*s**2 + 28*s + 11. What is the remainder when 475 is divided by o(9)?
15
Let x = 73 - 43. What is the remainder when 209 is divided by x?
29
Let h = -507 + 906. Calculate the remainder when h is divided by 40.
39
Suppose -282 + 72 = -21*v. What is the remainder when 67 is divided by v?
7
Suppose 2*k - 5*a = 35, 0*a + 2*a + 44 = 2*k. What is the remainder when 68 is divided by k?
18
Suppose -b - 3*b + 14 = g, 0 = 2*g - 4*b - 28. What is the remainder when (-140)/(-175) - 1222/(-10) is divided by g?
11
Suppose -5*i = -6*i + 15. Let y(x) = x**3 + 9*x**2 + 10*x + 1. What is the remainder when y(-7) is divided by i?
14
Let d(n) = 17*n. Let w be d(-1). Let v = w - -45. What is the remainder when 52 is divided by v?
24
Let j = 47 - 164. Let h = -65 - j. Suppose -2*x - 2*x = 4*z - h, -2*z + x = -26. Calculate the remainder when z is divided by 3.
1
Suppose 26*b - 36*b + 20 = 0. What is the remainder when (b/(-6))/(((-4)/(-2))/(-6)) is divided by 1?
0
Suppose 5*q - 18 = -3*d + 37, 0 = q - 2. Suppose 9*v - d = 6*v. Suppose 0 = 6*l - 2*l + 2*b - 16, -5*l + 20 = 4*b. What is the remainder when v is divided by l?
1
Suppose 5*k + z = 4*z + 473, 0 = 2*z + 2. Suppose 0*d + 4*s = -5*d + 86, 4*s = 5*d - k. What is the remainder when 88 is divided by d?
16
Suppose -833 + 188 = -15*y. What is the remainder when 131 is divided by y?
2
What is the remainder when 99 is divided by (-15)/(12/(-48)*3/1)?
19
Let r(l) = l + 16. Let w(g) = 16*g + 17. Let d be w(4). Suppose 19 = -2*a + d. Calculate the remainder when a is divided by r(0).
15
Let d = 1217 + -1186. Suppose -8 = -m + 3. Calculate the remainder when d is divided by m.
9
Let g = 8 + -3. Let f be -3*7/(-15)*g. Let n = 12 - f. What is the remainder when n is divided by 4?
1
Suppose -56 = -4*i - 17*k + 19*k, 3*k = -2*i + 12. Calculate the remainder when 41 is divided by i.
5
Suppose -78 = -7*f + 195. Suppose 0 = 4*p + z - f, -2*p - 3*p + 30 = -5*z. Calculate the remainder when p is divided by 5.
4
Let n(q) be the first derivative of -q**2/2 + 5*q + 2. Calculate the remainder when n(-6) is divided by (5/5)/((-6)/12 - 0) - -5.
2
Let a(k) = -k**2 - 31*k - 123. What is the remainder when a(-8) is divided by 48?
13
Let g(r) = -41*r + 10. Let o be g(4). Calculate the remainder when 2/(-11) - 2184/o is divided by 5.
4
Let b be (-15)/2*16/(-24). Let q be (49 - 3) + 0 + 0. Suppose q = -b*k + 6*k. What is the remainder when k is divided by 16?
14
Let x(o) = -o + 2*o - 4 + 6*o + 5*o. What is the remainder when x(7) is divided by 21?
17
Suppose -637 = -5*p + 188. Let g = -58 + 100. Calculate the remainder when p is divided by g.
39
Let t be -3 + 520/7 - (-2)/(-7). Suppose 2 - t = -3*g. What is the remainder when g is divided by 7?
2
Let z(m) = -m**3 - 7*m**2 + 20*m - 33. What is the remainder when z(-10) is divided by 19?
10
Suppose -114 = -12*y + 126. Calculate the remainder when 34 is divided by y.
14
Suppose -2*d - 126 = -4*p, 0*p + 2*p + 3*d - 83 = 0. Suppose -b + 62 = -p. Suppose 5*y - y - b = 0. Calculate the remainder when 70 is divided by y.
22
Let h = -372 - -417. Calculate the remainder when 719 is divided by h.
44
Suppose 49*i - 54*i + 78 = -a, 5*i + 5*a - 90 = 0. What is the remainder when 158 is divided by i?
14
Let b(z) be the second derivative of z**4/4 + z**3/3 - 3*z**2/2 + 9*z. Calculate the remainder when b(-2) is divided by 4.
1
Suppose 11 = t + 7. Suppose t*w + 4*y = -y + 47, 2*y + 2 = 0. Suppose 2*j = 26 + 18. What is the remainder when j is divided by w?
9
Suppose 0*q + 3*q + 15 = 0, -4*q = -p + 53. Suppose 10*n - 8*n = 0. Suppose -v + 125 + 6 = n. What is the remainder when v is divided by p?
32
Calculate the remainder when 268 is divided by 30 + 1 + 2/3*6.
23
Calculate the remainder when 8 is divided by (-3)/30 + 81/10.
0
Let z = -9 + 12. Let v(b) = z*b**2 - b - 12 + 7 + 5. What is the remainder when 11 is divided by v(-1)?
3
Suppose 5*h - 265 = 4*i - 1686, -1448 = -4*i - 4*h. Calculate the remainder when i is divided by 40.
39
Suppose -30*g = -51*g + 4200. Calculate the remainder when 610 is divided by g.
10
Let r(u) = u - 2. Let m be r(6). Suppose 0 = 5*p - m*y - 14 - 19, 5*p - 5*y - 35 = 0. What is the remainder when p is divided by 5?
0
Suppose 2*w - 4*h - 60 = -2*w, 2*h = -2*w + 34. What is the remainder when 95 is divided by w?
15
Let b be 3 - -1 - 1 - -17. Suppose -2*w - b = -78. Let c = w + -1. Wha